 81, -5*l + 3*u + 929 = 0. Let g = -53 + l. What are the prime factors of g?
131
Let c(i) = 34*i**2 - 6*i - 5 - 14*i**2 + 2*i**2. List the prime factors of c(-3).
211
Suppose 5*v + 26 = 3*j - 3, 2*j - 3*v = 19. Let u be (j - 4) + -4 + 10. Suppose u*r - 6*r = 56. What are the prime factors of r?
2, 7
Let d(b) = -b**3 + 33*b**2 - 53*b - 38. List the prime factors of d(16).
2, 1733
Let i be (-2*2)/((-4)/(-12)). Let q be (-626)/(-6) + 4/i. Let g = q + -62. List the prime factors of g.
2, 3, 7
What are the prime factors of 3 - ((3 - 2)*3 - 493)?
17, 29
Let j(c) = -3*c**3 - 3*c**2 + 16*c - 7. List the prime factors of j(-6).
19, 23
Suppose 0 = -29*v + 138656 - 30776. List the prime factors of v.
2, 3, 5, 31
Let l(w) = 60*w**2 + 8*w + 14. Let x be l(-7). Let v = x + -1608. What are the prime factors of 4/26 - v/(-65)?
2, 5
Let z(y) be the second derivative of -40*y**3/3 + y**2 - 29*y. What are the prime factors of z(-2)?
2, 3
Suppose -5*z = -2*b + 1056, 19*z - 14*z - 2675 = -5*b. What are the prime factors of b?
13, 41
Let b(k) = 24*k + 48. List the prime factors of b(5).
2, 3, 7
Suppose 3*p + 153 - 5060 = -a, 2*a + 4*p = 9806. List the prime factors of a.
5, 11, 89
Suppose 0 = 5*r + 6*x - 2*x - 20, 5*r + 3*x = 15. Let l(n) = -5 - n + 14 + r*n + 6. What are the prime factors of l(12)?
3
Suppose -1360 = -x - 5*y, x - 1352 = -50*y + 47*y. List the prime factors of x.
2, 5, 67
Let m(q) = -q + 4. Let u(s) = -s**2 - s + 7. Let r(v) = 5*m(v) - 3*u(v). Let t be r(3). List the prime factors of t/110 - (-106)/22.
5
Let w be (-107)/5 + (-6)/(-15). Suppose 6*p + 315 = -3*p. Let q = w - p. What are the prime factors of q?
2, 7
Let g(r) = -r. Suppose 11*n + 5 = 6*n. Let o(w) = -21*w - 3. Let d(v) = n*o(v) + 15*g(v). What are the prime factors of d(4)?
3
Suppose 0 = 2*b + 2*b + d - 2009, d - 5 = 0. Let a = b + -328. List the prime factors of a.
173
Suppose -7*l + 6*l - 5*g = -5920, -4*l + 3*g + 23680 = 0. What are the prime factors of l?
2, 5, 37
What are the prime factors of (-5830)/(-5) - 9 - (1 - 7)?
1163
Suppose 2*a = 6*a - 40. Let y be 195 + (-5)/(a/8). What are the prime factors of (-10)/45 + y/9?
3, 7
Let v(a) = 0*a + 66 - a + 0*a. Let x be v(0). Suppose -5*m = -4*t + 66, -4*t + 4 = -3*m - x. What are the prime factors of t?
19
Let h = -3 - 11. List the prime factors of 353/9 + (h/9)/7.
3, 13
Let l be (384 - 0) + (3 - 1). Suppose 4*u + y + 2*y = l, 5*y = 5*u - 500. What are the prime factors of u?
2, 7
What are the prime factors of ((-2084)/18 + 4/(-18))/(-2)?
2, 29
Suppose -n + 6 = 5*h, -2*n + 2*h = 3*h - 30. Let i be n/(-24) + (-304)/(-6). Let b = -33 + i. List the prime factors of b.
17
Let s = -116 + 121. Suppose w = -4*c + 155, 0 = c - s*w - 13 - 10. What are the prime factors of c?
2, 19
Let a(u) be the third derivative of 1/3*u**4 - 7/60*u**5 + 0*u - 5/3*u**3 + 1/120*u**6 + 11*u**2 + 0. What are the prime factors of a(6)?
2
Let a be 24/(-14) + (-6)/21. Suppose -67*j + 980 = -53*j. List the prime factors of a + 1 + 1 + j.
2, 5, 7
Suppose -2*m + a - 144 = 0, -3*m + 3*a = 2*m + 360. Let g = 105 + m. List the prime factors of g.
3, 11
Suppose 0 = -12*m - 134 + 5426. What are the prime factors of m?
3, 7
Let z(h) = 5*h**2 - 10*h + 75. List the prime factors of z(-10).
3, 5
Let d(h) = 57*h - 9. Let c be d(27). List the prime factors of (-8 + 216/30)*c/(-4).
2, 3, 17
Suppose t + 2*t + 4*j = 28, -5*t + 38 = -2*j. Let m(d) = -3*d + d - 9 + t - 8. What are the prime factors of m(-6)?
3
Let r(m) = m**2 - 11*m + 12. Let q be r(11). Suppose -5*n - 41 = -t, 4*t = n + 38 + 31. Let d = q + t. List the prime factors of d.
2, 7
Let p(v) = v**2 - 4*v + 5. Let k = -32 + 39. List the prime factors of p(k).
2, 13
Suppose 0 = 3*c + 15, b - 3*c - 2*c - 26 = 0. Let z(d) = 23*d**3 + d + 6. Let g(q) = -1. Let w(y) = 6*g(y) + z(y). List the prime factors of w(b).
2, 3
What are the prime factors of (7618/(-65))/(1/(-5))?
2, 293
Let o(x) = x**2 + 25*x + 352. List the prime factors of o(-21).
2, 67
Suppose 11*x - 20*x - 24390 = 0. What are the prime factors of (x/5)/(6 + -8)?
271
Let u(s) = 2*s + 49. Let h be u(-22). Suppose -5*i + d + 1383 = 0, 2*i - 4*d = -h*d + 549. What are the prime factors of i?
2, 3, 23
Suppose -2*v + 1721 + 6565 = -2*r, 4147 = v - 3*r. What are the prime factors of v?
41, 101
Let u(w) = -109*w**3 + 2*w**2 + 4*w. List the prime factors of u(-2).
2, 109
Suppose 0 = -5*i + 3*n - 54, 2*i - 3*n + 25 = 7. Let h = i - -71. Let q = -41 + h. What are the prime factors of q?
2, 3
Suppose 9 = -n + 24. Let d be 177/(-15) + (-3)/n. Let b = 21 + d. List the prime factors of b.
3
Let u(q) = -q**3 + 5*q**2 - 4*q + 10. Let t be u(4). Suppose 0 = -2*o + 150 + t. What are the prime factors of o?
2, 5
Let s(j) = -j**2 - 8*j - 15. Let z be s(-5). Suppose z = -l - 6 + 65. List the prime factors of l.
59
Suppose 0 = 129*r - 124*r - 1650. What are the prime factors of r?
2, 3, 5, 11
Suppose -4*w + 3*q = 73, 2*q = 2*w + 20 + 18. Let s = 88 + w. List the prime factors of s.
2, 3
Let j(x) = -28*x**3 - 2*x - 2. Let i(w) = w**2 + 17*w - 19. Let y be i(-18). List the prime factors of j(y).
2, 7
Let b(y) = y**2 + 7*y + 3. Let g be b(-4). Let h = g + 7. What are the prime factors of (27/(-15))/(h/10)?
3
Let g(m) = 8*m**2 - 6*m + 37. What are the prime factors of g(-11)?
3, 7, 17
Let p(k) = -k**2 - 8*k - 7. Let g = 17 - 27. Let v be (-5)/(-25) - (-62)/g. List the prime factors of p(v).
5
Suppose 0 = -9*n + 8*n - 255. Let f = -168 - n. What are the prime factors of f?
3, 29
Suppose c + 7*c = 7728. Let i = -682 + c. List the prime factors of i.
2, 71
Suppose 5*s = 5*q - 320, 3*q = 4*s - 7*s - 210. What are the prime factors of (4*s/(-2))/2?
67
List the prime factors of -2 - -4 - (3 - -4) - -954.
13, 73
Let d be 17/85 - (3168/(-10) + 2). What are the prime factors of (-3)/(-3)*-6*d/(-6)?
3, 5, 7
Let w(a) = -a**2 - 27*a + 9. Let z be w(-15). Suppose -2*b = b - z. List the prime factors of b.
3, 7
List the prime factors of 4/3*33003/76.
3, 193
Suppose -5*v = 5*c - 890, 0 = -3*c - 1 - 5. List the prime factors of v.
2, 3, 5
Let r be ((-6)/(-4))/(10/(-3740)). What are the prime factors of r/(-12) - (-18)/(-24)?
2, 23
Let j = 0 - -5. Let f be -3*-1*(-26)/(-6). Suppose s - j*k - 7 = 0, 2*s = 3*k + f + 1. What are the prime factors of s?
7
Let c = -599 - -3845. What are the prime factors of c?
2, 3, 541
Suppose -2 = -3*m - 14, m = -u + 1. Let c(f) = 2*f**2 - 12*f + 5. Let q be c(u). What are the prime factors of (-282)/(-15) + q/(-25)?
19
Let c(b) = -b**3 - 8*b**2 - 7*b + 4. Let h be c(-7). Suppose -h*x = x + 80. Let r = -8 - x. What are the prime factors of r?
2
Suppose u + 2*o + 14 = 4*o, 5*o = -4*u - 56. Let v be 2/((-3 - -2)/(-12)). What are the prime factors of (v/u)/(6/(-21))?
2, 3
Suppose 0 = -5*b - 166 - 294. List the prime factors of b/(-1) + 3 - 3.
2, 23
Let j = -152 + 432. Suppose -13*a + j = -6*a. List the prime factors of a.
2, 5
Let l(p) = 6*p**2 - 3*p + 56. List the prime factors of l(-12).
2, 239
Suppose -1 = -m - 2*t + 4, 13 = 5*m + 4*t. List the prime factors of (m - -1)/((-16)/(-168)).
3, 7
List the prime factors of (-600)/(-50)*(-604)/(-3).
2, 151
Let f(k) = -56*k + 12. Let x be (-2)/4*(1 - 6/(-2)). What are the prime factors of f(x)?
2, 31
Let v(y) = -y**3 - 4*y**2 + 8. Let j be v(-4). Suppose 4*o - 2*o - j = 0. What are the prime factors of o?
2
What are the prime factors of 780*((-39)/(-13) + (-5)/2)?
2, 3, 5, 13
Let q = 97 - 67. List the prime factors of q/4*14/3.
5, 7
What are the prime factors of (-8 - -94)*20 + 9?
7, 13, 19
Let g(o) = -o**3 + o**2 + 3*o - 1. Let i be g(2). Let v = i - -4. Suppose 5*f + 4*w - 19 = 26, -5 = -v*f + 4*w. List the prime factors of f.
5
Let h(p) = -35*p + 31. List the prime factors of h(-9).
2, 173
Suppose 10*n - 8*n = 3*q - 8, -4*q - 2*n - 8 = 0. Let k = 21 + q. List the prime factors of k.
3, 7
Suppose -362 = 5*w - 2*f - 5067, -1873 = -2*w - f. What are the prime factors of w?
3, 313
Let q = -36 + 64. Suppose 4*z + 2*f = 2*z - q, 0 = 4*z + 5*f + 59. Let g = z + 20. What are the prime factors of g?
3
Suppose 0 = -340*m + 336*m + 960. What are the prime factors of m?
2, 3, 5
Let s(x) = -2*x + 3. Let l = 4 - 1. Suppose -l = j + 4. List the prime factors of s(j).
17
Let p = 17 - 14. Suppose -w + 49 = -p. List the prime factors of w.
2, 13
Le